e remainder when 36430 is divided by 99?
97
What is the remainder when 34708 is divided by 11?
3
Calculate the remainder when 1328774 is divided by 21.
20
Calculate the remainder when 19770 is divided by 92.
82
Calculate the remainder when 220885 is divided by 101.
99
Calculate the remainder when 1324976 is divided by 102.
98
Calculate the remainder when 2677 is divided by 149.
144
Calculate the remainder when 15239 is divided by 227.
30
Calculate the remainder when 122501 is divided by 3223.
27
Calculate the remainder when 197 is divided by 193.
4
Calculate the remainder when 579 is divided by 292.
287
What is the remainder when 105492 is divided by 83?
82
What is the remainder when 230 is divided by 32?
6
Calculate the remainder when 38162 is divided by 60.
2
Calculate the remainder when 34201 is divided by 92.
69
What is the remainder when 168435 is divided by 111?
48
What is the remainder when 980 is divided by 257?
209
Calculate the remainder when 3975 is divided by 104.
23
Calculate the remainder when 1665 is divided by 497.
174
Calculate the remainder when 8006 is divided by 566.
82
What is the remainder when 2466 is divided by 1684?
782
What is the remainder when 3836 is divided by 65?
1
Calculate the remainder when 3151 is divided by 99.
82
What is the remainder when 3694 is divided by 112?
110
What is the remainder when 55869 is divided by 98?
9
Calculate the remainder when 7270 is divided by 1808.
38
Calculate the remainder when 167402 is divided by 979.
972
What is the remainder when 366508 is divided by 733?
8
What is the remainder when 26386 is divided by 29?
25
Calculate the remainder when 312589 is divided by 156293.
3
Calculate the remainder when 384809 is divided by 15.
14
Calculate the remainder when 44558 is divided by 3173.
136
What is the remainder when 1577 is divided by 280?
177
What is the remainder when 4196 is divided by 2095?
6
Calculate the remainder when 71326 is divided by 101.
20
What is the remainder when 73313 is divided by 215?
213
What is the remainder when 67080 is divided by 21?
6
Calculate the remainder when 1238 is divided by 894.
344
What is the remainder when 3800 is divided by 1265?
5
What is the remainder when 7978 is divided by 108?
94
What is the remainder when 1492 is divided by 74?
12
Calculate the remainder when 112768 is divided by 94.
62
Calculate the remainder when 4314 is divided by 440.
354
Calculate the remainder when 4443 is divided by 39.
36
What is the remainder when 1528 is divided by 1482?
46
Calculate the remainder when 40361 is divided by 31.
30
What is the remainder when 10697 is divided by 24?
17
Calculate the remainder when 63717 is divided by 201.
0
Calculate the remainder when 31297 is divided by 86.
79
Calculate the remainder when 42188 is divided by 266.
160
Calculate the remainder when 45057 is divided by 123.
39
Calculate the remainder when 54757 is divided by 231.
10
Calculate the remainder when 66395 is divided by 50.
45
What is the remainder when 784 is divided by 677?
107
Calculate the remainder when 5410 is divided by 1570.
700
What is the remainder when 75541 is divided by 54?
49
Calculate the remainder when 229595 is divided by 173.
24
Calculate the remainder when 776088 is divided by 29.
19
Calculate the remainder when 18711 is divided by 537.
453
What is the remainder when 3479 is divided by 817?
211
Calculate the remainder when 4523 is divided by 146.
143
Calculate the remainder when 6954 is divided by 6536.
418
Calculate the remainder when 135894 is divided by 60.
54
What is the remainder when 11148 is divided by 45?
33
What is the remainder when 4482 is divided by 189?
135
What is the remainder when 17658 is divided by 3530?
8
Calculate the remainder when 383155 is divided by 127716.
7
Calculate the remainder when 6782 is divided by 1027.
620
What is the remainder when 421277 is divided by 27?
23
What is the remainder when 55724 is divided by 275?
174
What is the remainder when 20895 is divided by 3482?
3
What is the remainder when 7886 is divided by 106?
42
Calculate the remainder when 163127 is divided by 64.
55
Calculate the remainder when 32675 is divided by 469.
314
What is the remainder when 946 is divided by 247?
205
What is the remainder when 1555 is divided by 390?
385
Calculate the remainder when 3130 is divided by 788.
766
Calculate the remainder when 3377729 is divided by 17.
16
Calculate the remainder when 467 is divided by 288.
179
What is the remainder when 3938 is divided by 391?
28
Calculate the remainder when 31178 is divided by 31169.
9
What is the remainder when 19553 is divided by 71?
28
What is the remainder when 9583 is divided by 34?
29
Calculate the remainder when 4605977 is divided by 37.
32
What is the remainder when 30340 is divided by 2758?
2
Calculate the remainder when 5571 is divided by 41.
36
Calculate the remainder when 1921 is divided by 275.
271
What is the remainder when 432787 is divided by 557?
555
What is the remainder when 465958 is divided by 491?
490
What is the remainder when 7532 is divided by 52?
44
What is the remainder when 1236 is divided by 1207?
29
Calculate the remainder when 5789 is divided by 47.
8
Calculate the remainder when 2491 is divided by 2446.
45
Calculate the remainder when 15127 is divided by 681.
145
Calculate the remainder when 42362 is divided by 238.
236
What is the remainder when 7520 is divided by 251?
241
What is the remainder when 8512 is divided by 124?
80
Calculate the remainder when 17552 is divided by 134.
132
What is the remainder when 1315 is divided by 368?
211
Calculate the remainder when 1201 is divided by 9.
4
What is the remainder when 3253 is divided by 71?
58
What is the remainder when 6210412 is divided by 46?
44
Calculate the remainder when 319525 is divided by 79881.
1
What is the remainder when 126796 is divided by 38?
28
Calculate the remainder when 213 is divided by 198.
15
What is the remainder when 1936 is divided by 1817?
119
Calculate the remainder when 74895 is divided by 24959.
18
Calculate the remainder when 6878 is divided by 986.
962
Calculate the remainder when 1988 is divided by 946.
96
What is the remainder when 6281 is divided by 896?
9
Calculate the remainder when 14661 is divided by 2927.
26
What is the remainder when 107134 is divided by 35709?
7
What is the remainder when 4278 is divided by 101?
36
Calculate the remainder when 123836 is divided by 3175.
11
Calculate the remainder when 2554 is divided by 14.
6
What is the remainder when 1525 is divided by 35?
20
What is the remainder when 84963 is divided by 44?
43
What is the remainder when 71678 is divided by 396?
2
Calculate the remainder when 1835 is divided by 498.
341
Calculate the remainder when 84614 is divided by 1880.
14
What is the remainder when 30942 is divided by 142?
128
What is the remainder when 1382 is divided by 476?
430
Calculate the remainder when 14324 is divided by 161.
156
What is the remainder when 205405 is divided by 16?
13
What is the remainder when 4358 is divided by 169?
133
Calculate the remainder when 26243 is divided by 906.
875
Calculate the remainder when 2284 is divided by 555.
64
Calculate the remainder when 4584 is divided by 77.
41
Calculate the remainder when 578 is divided by 285.
8
What is the remainder when 1457 is divided by 1379?
78
What is the remainder when 4761 is divided by 591?
33
Calculate the remainder when 1981 is divided by 249.
238
What is the remainder when 441772 is divided by 55220?
12
What is the remainder when 96618 is divided by 506?
478
Calculate the remainder when 14300 is divided by 7143.
14
Calculate the remainder when 878 is divided by 236.
170
Calculate the remainder when 189435 is divided by 114.
81
What is the remainder when 5726 is divided by 17?
14
Calculate the remainder when 47442 is divided by 2259.
3
Calculate the remainder when 686 is divided by 586.
100
Calculate the remainder when 35392 is divided by 2211.
16
Calculate the remainder when 2631 is divided by 97.
12
What is the remainder when 139490 is divided by 4226?
32
Calculate the remainder when 3076 is divided by 341.
7
What is the remainder when 16464 is divided by 1828?
12
What is the remainder when 4814 is divided by 178?
8
Calculate the remainder when 234317 is divided